divided by 416?
414
What is the remainder when 71848464 is divided by 35924232?
0
What is the remainder when 85741039 is divided by 14?
13
What is the remainder when 2206217 is divided by 2233?
13
Calculate the remainder when 4356501 is divided by 4996.
4985
What is the remainder when 7373973 is divided by 1228989?
39
What is the remainder when 28016496 is divided by 14?
4
What is the remainder when 8075061 is divided by 2357?
2336
What is the remainder when 8362 is divided by 656?
490
Calculate the remainder when 802971 is divided by 34.
27
Calculate the remainder when 9734183 is divided by 159576.
47
Calculate the remainder when 104559 is divided by 612.
519
Calculate the remainder when 964664 is divided by 3739.
2
Calculate the remainder when 18302253 is divided by 190648.
45
Calculate the remainder when 2466470 is divided by 137025.
20
Calculate the remainder when 227532 is divided by 31763.
5191
What is the remainder when 264607 is divided by 2021?
1877
Calculate the remainder when 157470 is divided by 64.
30
What is the remainder when 52401958 is divided by 421?
88
What is the remainder when 12694 is divided by 342?
40
Calculate the remainder when 1635918 is divided by 2493.
510
What is the remainder when 4723932 is divided by 27?
12
What is the remainder when 2733116 is divided by 540?
176
What is the remainder when 4151789 is divided by 1757?
1755
Calculate the remainder when 47983925 is divided by 6613.
6610
What is the remainder when 89461163 is divided by 271?
269
Calculate the remainder when 6074690 is divided by 164180.
30
What is the remainder when 242009 is divided by 60442?
241
What is the remainder when 4445273 is divided by 2589?
2549
Calculate the remainder when 691827 is divided by 11268.
4479
Calculate the remainder when 85545 is divided by 2592.
9
What is the remainder when 1585822 is divided by 162?
4
Calculate the remainder when 24921438 is divided by 524.
522
What is the remainder when 208354 is divided by 194451?
13903
Calculate the remainder when 9260255 is divided by 491.
486
Calculate the remainder when 55736930 is divided by 39279.
29
What is the remainder when 22649 is divided by 10958?
733
What is the remainder when 143761 is divided by 2178?
13
What is the remainder when 19602 is divided by 5981?
1659
Calculate the remainder when 209840736 is divided by 293.
289
Calculate the remainder when 38343940 is divided by 2925.
115
What is the remainder when 14601090 is divided by 11?
9
Calculate the remainder when 7052077 is divided by 207.
1
Calculate the remainder when 904871 is divided by 15.
11
What is the remainder when 22611766 is divided by 558?
490
Calculate the remainder when 1322904 is divided by 27.
12
Calculate the remainder when 5085358 is divided by 35.
33
Calculate the remainder when 105153888 is divided by 17.
14
Calculate the remainder when 11824 is divided by 2644.
1248
What is the remainder when 20073449 is divided by 826?
823
What is the remainder when 456012 is divided by 455592?
420
Calculate the remainder when 2821836 is divided by 705353.
424
What is the remainder when 1263 is divided by 208?
15
What is the remainder when 576415 is divided by 95999?
421
What is the remainder when 3055402 is divided by 6?
4
What is the remainder when 5967 is divided by 372?
15
Calculate the remainder when 207263 is divided by 66634.
7361
What is the remainder when 46255 is divided by 15299?
358
Calculate the remainder when 2446700 is divided by 177.
29
Calculate the remainder when 3751838 is divided by 91.
90
Calculate the remainder when 5308973 is divided by 57085.
68
What is the remainder when 734063 is divided by 287?
204
Calculate the remainder when 2269775 is divided by 2043.
2
What is the remainder when 6420029 is divided by 1064?
917
What is the remainder when 20174770 is divided by 276?
274
What is the remainder when 11111942 is divided by 663?
62
Calculate the remainder when 31997366 is divided by 2461335.
11
What is the remainder when 716175 is divided by 199?
173
What is the remainder when 9224071 is divided by 17050?
21
Calculate the remainder when 1019840 is divided by 25496.
0
Calculate the remainder when 1531452 is divided by 1391.
1352
What is the remainder when 13338447 is divided by 34?
9
What is the remainder when 114014 is divided by 22763?
199
What is the remainder when 7257044 is divided by 90?
74
What is the remainder when 698983 is divided by 428?
59
What is the remainder when 3224169 is divided by 25793?
44
Calculate the remainder when 396955 is divided by 245.
55
What is the remainder when 24196 is divided by 1320?
436
What is the remainder when 15849752 is divided by 2067?
2063
What is the remainder when 92572 is divided by 1082?
602
Calculate the remainder when 195762 is divided by 65100.
462
Calculate the remainder when 7181999 is divided by 3269.
6
Calculate the remainder when 301239 is divided by 75256.
215
Calculate the remainder when 3430213 is divided by 490029.
10
Calculate the remainder when 2502575 is divided by 4164.
11
What is the remainder when 10421519 is divided by 519?
518
What is the remainder when 342853 is divided by 24?
13
What is the remainder when 95641 is divided by 2755?
1971
What is the remainder when 1259947 is divided by 109?
16
What is the remainder when 1021320 is divided by 1103?
1045
What is the remainder when 613851 is divided by 331?
177
Calculate the remainder when 549923 is divided by 2075.
48
What is the remainder when 7591298 is divided by 2012?
22
Calculate the remainder when 19421427 is divided by 190.
7
Calculate the remainder when 2710397 is divided by 7151.
168
What is the remainder when 5454992 is divided by 315?
137
What is the remainder when 194970 is divided by 48306?
1746
What is the remainder when 390419 is divided by 4759?
181
What is the remainder when 1408 is divided by 752?
656
Calculate the remainder when 4562021 is divided by 420.
401
What is the remainder when 739946 is divided by 184933?
214
Calculate the remainder when 61499 is divided by 101.
91
Calculate the remainder when 72331 is divided by 1303.
666
What is the remainder when 102744 is divided by 25348?
1352
What is the remainder when 53251482 is divided by 123?
108
Calculate the remainder when 7425136 is divided by 19643.
82
Calculate the remainder when 76073 is divided by 5851.
10
What is the remainder when 774382 is divided by 40742?
284
What is the remainder when 306205782 is divided by 60?
42
What is the remainder when 1986328 is divided by 83?
55
Calculate the remainder when 113093100 is divided by 21.
15
What is the remainder when 137338 is divided by 22496?
2362
What is the remainder when 5489918 is divided by 6436?
10
What is the remainder when 298576 is divided by 2405?
356
Calculate the remainder when 1391294 is divided by 20.
14
What is the remainder when 13741930 is divided by 426?
22
Calculate the remainder when 23794 is divided by 1300.
394
Calculate the remainder when 1899049109 is divided by 2163.
2162
What is the remainder when 8562305 is divided by 15?
5
What is the remainder when 1848174 is divided by 462040?
14
Calculate the remainder when 59462 is divided by 14801.
258
Calculate the remainder when 16327220 is divided by 76.
64
Calculate the remainder when 90171 is divided by 8123.
818
What is the remainder when 6580741 is divided by 257?
256
Calculate the remainder when 3341807 is divided by 753.
746
What is the remainder when 2742560 is divided by 676?
28
Calculate the remainder when 293047 is divided by 5528.
63
What is the remainder when 115062 is divided by 1123?
516
Calculate the remainder when 1231398 is divided by 6803.
55
Calculate the remainder when 6152 is divided by 3874.
2278
What is the remainder when 689973 is divided by 203?
179
What is the remainder when 2692232 is divided by 2736?
8
Calculate the remainder when 3470467 is divided by 1369.
52
Calculate the remainder when 381121 is divided by 27217.
83
Calculate the remainder when 1783853 is divided by 198205.
8
Calculate the remainder when 13260391 is divided by 738.
7
Calculate the remainder when 249914072 is divided by 81.
74
What is the remainder when 617900 is divided by 154469?
24
What is the remainder when 41903 is divided by 1853?
1137
Calculate the remainder when 96142711 is 